c = t - u. Is c composite?
False
Let i(o) = -574*o + 151. Is i(-7) a composite number?
True
Let t be (57/6)/((-4)/(-72)). Suppose -t = f - 578. Is f a composite number?
True
Let q = -17 - -3. Is 6/(-14) - (3 - (-12550)/q) a composite number?
True
Let o = 30932 - 13413. Is o composite?
False
Let p = 2 + 2. Suppose -y = y - p. Is 191/2*(y - 0) a composite number?
False
Is 1380652/252*-3*-1*3 prime?
False
Let w be -505*5/(125/110). Let z = 3481 + w. Is z a composite number?
False
Let g = 25143 - 14894. Is g a prime number?
False
Suppose -3*r + 1 + 11 = -n, 2*n = -2*r. Let o be -7 + 3/r + 3. Is o/6*(-758 + 0) a composite number?
False
Let z = 127993 - 91080. Is z prime?
True
Suppose 0 = 2*s + 4*g - 203 - 35, 3*g - 623 = -5*s. Let y = s - -132. Is y prime?
False
Let y(i) = -i - 8. Suppose 0 = -6*c - 44 - 34. Let t be y(c). Suppose -3*m - 95 = 2*d - 233, -3*d = -t*m + 230. Is m a prime number?
False
Let c be (28/(-5))/(1966/(-1970) + 1). Let o = c + 4599. Is o a prime number?
False
Suppose 2*n - 1452 = -2*c + n, c = -n + 728. Let a = 16 + 67. Suppose b - a = c. Is b composite?
True
Let z = 3964 + -2394. Suppose -2*n + 0*n = -z. Is n prime?
False
Let k(h) be the first derivative of -3*h**4/2 - 4*h**3/3 - h**2 + 7*h + 14. Is k(-5) a composite number?
True
Let l be (-29)/5 + 5/(-25). Let n(r) be the second derivative of r**4/12 + r**2/2 + 4*r. Is n(l) a composite number?
False
Let j be (-9)/2*-1828*(-1)/6. Let p = 5482 + j. Is p a prime number?
True
Let w = 3 + -2. Let a be 16 + (5 - (w + 1)). Suppose -a = -b + 70. Is b prime?
True
Let x = 51 - 37. Let y be (12/10)/(x/10255). Suppose -4*j + j = -y. Is j a composite number?
False
Let h(x) = -2000*x - 253. Is h(-6) prime?
False
Let s(g) = -g**3 + 2*g**2 - 1. Let c be s(1). Suppose c = -4*f - 0 + 16. Suppose 4*l - 2*v = 3*l + 283, 1445 = 5*l - f*v. Is l a prime number?
True
Let r = -10 + 10. Is (0 - -669)*1 - r a prime number?
False
Suppose 5*y = -5*w + 5, 3*y = -4*w - 1 - 0. Is 22/36*106 - w/18 composite?
True
Suppose -12 = 3*o, -4*o - 34082 = -6*l + 4*l. Is l prime?
True
Suppose 3*x + 499 = -1679. Let m = -435 - x. Is m composite?
True
Is -1758*(-3 - (-56)/21) composite?
True
Suppose -13*a + 8*a + 7715 = 0. Is a a prime number?
True
Let q be (62/4)/((-5)/(-10)). Let f = q + 6. Is f a prime number?
True
Is 34*(-2)/16*-1028 prime?
False
Let x = -6931 - -9849. Is x a composite number?
True
Suppose -71248 - 85238 = -6*z. Is z prime?
False
Suppose 0 = 181*v - 185*v + 7612. Is v a composite number?
True
Let j be ((-2502)/(-4))/(-9)*(26 + 0). Let q = -976 - j. Is q prime?
False
Let f(h) = h**2 + 3*h + 69. Is f(35) composite?
False
Let g = -2284 + 104489. Is g composite?
True
Suppose 8*p - 13*p + 26725 = 0. Is p a prime number?
False
Is 20/30*(393 - 0) prime?
False
Let c(f) = 5*f**2 + 25*f + 13. Let z(r) = -4*r**2 - 24*r - 14. Let l(u) = 5*c(u) + 6*z(u). Is l(-21) a composite number?
False
Is -8*(-8)/160 - (-953)/5 a prime number?
True
Let p(c) = c**3 - 4*c**2 - 15*c + 14. Let v be p(6). Is -2 - v/(16/804) a composite number?
False
Let x be (-4)/((-8)/(-6))*-1. Suppose -3*f + 5 = -t, 14 = -5*t - 0*f + 4*f. Is 903/6 + x/t a composite number?
False
Suppose 2756 + 3454 = 5*f + 5*t, 3*f - t = 3710. Let c = 507 + f. Is c prime?
False
Suppose -93 = -4*p - 53. Is 1 + 147*p/3 a prime number?
True
Suppose y - 70 = 5*r + 22, 4*y = -2*r + 412. Let a = -63 + y. Suppose 4*t + a = 3*f, 4*t + 65 = 5*f - 0*t. Is f a composite number?
False
Suppose -3*n - 7 = 3*a + n, -8 = 2*n. Suppose -h - a*h + 4*c + 208 = 0, 2*c = 4*h - 202. Is h a prime number?
False
Suppose 16678 = 5*b - 8532. Let v = b - 2843. Is v a prime number?
False
Let w(p) = 75*p**2 + 23*p + 63. Is w(-3) a composite number?
True
Let x = 3 - 1. Suppose k = x*i - i - 18, 2 = k. Suppose -i*w = -16*w - 268. Is w a composite number?
False
Let h(f) = f**3 + 17*f**2 - 7*f - 14. Let v be h(-10). Suppose -o + 5*g = -v, 4*g - 1500 = -2*o + 2*g. Is o prime?
True
Let t = 3 - 1. Suppose 5*u = -3*h - 377, 5*h - t*h = u + 79. Let w = u - -114. Is w prime?
False
Let w = -6 + -35. Suppose 2*r + 232 = 3*u + u, 0 = 3*r - 3*u + 360. Let k = w - r. Is k composite?
False
Let g(b) = -11*b**3 + 19*b**2 - 22*b + 3. Is g(-7) a composite number?
False
Let g(s) = -s**3 + s**2 + 2*s + 24607. Is g(0) a composite number?
True
Is (-7 + (-20)/(-2))/3 - -6693 a prime number?
False
Let n be (-2 + 40 + 0)*22. Let b = -538 + n. Is b a composite number?
True
Suppose -5*d = -10*d - 3*b + 11179, -2*b - 4478 = -2*d. Is d a composite number?
False
Let q(k) = 283*k**2 - 9*k + 57. Is q(7) composite?
True
Let y be -4 - (-2 + 2) - 0. Let c(p) be the second derivative of -61*p**3/3 - 3*p**2/2 - 2*p. Is c(y) a composite number?
True
Let u(x) = x**2 - x. Let l be u(-2). Let n = l + -2. Is n/(-6) + 1631/21 composite?
True
Let b be (14/(-3))/(1/(-3)). Let g = b - 13. Let h(i) = 109*i**3 - i + 1. Is h(g) a prime number?
True
Suppose -4*c + 28858 = 326. Is c composite?
True
Suppose -31*a = -1046076 - 265441. Is a a prime number?
True
Let l(q) = -7*q**3 - 4*q**2 + 13*q - 5. Let r(k) = 0*k**2 + 5*k - 5*k**2 - 5*k + k. Let u be r(-1). Is l(u) a prime number?
False
Let i = -15 + 19. Suppose 3*k - 10 = 3*m + 5*k, 3*k = -i*m - 15. Suppose 2*v + 3*v - 335 = m. Is v composite?
False
Let f(s) = 306*s - 139. Is f(11) prime?
False
Let w be 6/8 - (-39)/12. Let z be (1*w)/(10 + -8). Suppose 0 = -m + z, -6*m + m - 161 = -3*d. Is d prime?
False
Let h = 5810 + 771. Is h prime?
True
Let l(y) = -y**2 - y. Let a be l(-2). Let g be 0/a + (-4 - -2). Is ((-3 - g) + 14)/1 a composite number?
False
Let n(j) = 12*j**2 - 4*j + 6. Let q be n(4). Let l = q - -459. Is l a composite number?
False
Let r = 15 - -404. Suppose -q - 2*d = -936 - r, 1370 = q - 3*d. Is q a prime number?
True
Let t be -2*(-4 + 2) + 998. Suppose 0 = -3*j - 4*q - 29 + t, -q - 5 = 0. Is j a prime number?
True
Suppose a - 108862 = -3*p, 5*a = -2*p + 51926 + 20627. Is p a prime number?
False
Let l = 3196 - 4825. Let k = -946 - l. Is k prime?
True
Suppose -26 = -2*m - 5*g, 0 = -4*m + 6*g - 5*g + 30. Suppose w + 5*a = m, 2*a - 12 = -3*w - 1. Suppose -2*h + 39 = -w. Is h prime?
False
Let i be 0 + 4 - (-21 + 23). Suppose 3*x - 6*r + 2*r - 346 = 0, -i*x - 4*r + 264 = 0. Is x a prime number?
False
Let s = -15657 + 25068. Is s composite?
True
Let z = 3537 - 2284. Is z prime?
False
Let n be 15/3*1 - 1. Suppose 2*q = q + n. Suppose -2*s + 3*a + 38 = -22, 2*a - q = 0. Is s a prime number?
False
Let l = 2429 + -1696. Let v = -290 + l. Is v a prime number?
True
Let t = 32767 - 13484. Is t a prime number?
False
Let a be (6/24)/((-3)/(-24)). Suppose -z + 3 = a*z. Is 1/(0 - z/(-145)) a composite number?
True
Let t = -239 - -131. Let d = t - -187. Is d a prime number?
True
Let s(c) = c - 6. Let p be s(3). Let j be 4 + (p - (-1)/1). Suppose q - j*n = 207, -q + 3*n = 3*q - 838. Is q a composite number?
False
Suppose -27 = -2*o - 2*s + 3*s, -5*o = -5*s - 70. Suppose -4 + o = 3*d. Suppose -4*b + d*c + 1136 = 0, -b - c = -0*c - 291. Is b prime?
False
Let i(v) = 139*v + 38. Is i(12) composite?
True
Let u be (-28)/(-10) + (-2)/(-10). Let i be 0*(4 - (2 + 1)). Suppose -3*b + a + 28 = -0*b, b + u*a - 16 = i. Is b prime?
False
Let x be (42/63 - (-1)/(-3))*9. Suppose f - m = 160, f - 4*m = x*f - 338. Is f prime?
True
Suppose 6*o - 4*o - 5 = g, -5*g + 3*o = -10. Is (g + -1)*7905/60 a prime number?
False
Let a = 47895 + -29053. Is a a prime number?
False
Suppose 3*n - 529 - 398 = 0. Is n prime?
False
Let j(b) = -129*b**3 + b**2 - 6*b - 42. Is j(-5) composite?
True
Is 40/(-24)*78117/(-65) prime?
True
Suppose 0 = -6*x + 4372 + 7646. Is x a prime number?
True
Let j(b) = b**2 + 3*b + 3. Let g be j(-3). Suppose 6*m - 650 = 5*m. Suppose -g*p = 5*k - 6*p - m, 279 = 2*k - 5*p. Is k composite?
False
Let p = -12 + 4. Is 1*15/20 + (-10882)/p prime?
True
Suppose -o + 1401 = -188. Is o a composite number?
True
Is (-1)/((1/(-2))/((-270168)/(-48))) prime?
True
Suppose -2*p = 5*f - 11902 - 8505, 0 = 3*f - 5*p - 12269. Is f prime?
False
Let l(b) = -4*b**2 - 59*b - 11. Let g(d) = -3*d**2 - 39*d - 7. Suppose 0 = 2*c + 2*x - 5*x - 29, 5*c - 45 = 2*x. Let o(t) = c*g(t) - 5*l(t). Is o(11) composite?
False
Let t(j) be the third derivative of 0*j + 0 + 1/20*j**5 + 7/6*j**3 - 5*j**2 - 1/12*j**4. Is t(-6) a composite number?
